he tens digit of a?
4
Suppose 2*g = 2*y - 6 - 0, -4*y - 6 = 2*g. Suppose n + 2*l - 24 = y, n = 2*l + 10 + 2. What is the units digit of n?
8
Let y(h) = -h**3 - 2*h**2 + 3*h - 1. Let w be y(-3). Let r = w - -28. What is the tens digit of r?
2
Let a(j) = j**3 - 2*j**2 + 2. Let c be a(2). Suppose -c*k - 4*b + 8 = 0, -4*k + 0*b + 28 = 5*b. What is the units digit of k?
2
Let f = 2 - -3. Suppose -i + 7 + f = 0. What is the units digit of i?
2
Suppose 0 = -2*u + 4*p - 86, -3*u + 0*p = -4*p + 119. Let k = u + 56. What is the units digit of k?
3
Suppose q - 3*q + 170 = 0. What is the tens digit of q?
8
Suppose 5*y = -5*g + 125, 2*g - 34 = y + y. Let m = g + -15. What is the units digit of m?
6
Suppose -4*p - 2 = -22. Suppose -n + 0 = -p. What is the units digit of n?
5
What is the tens digit of 3/(-9) + (-205)/(-3)?
6
Suppose 4*n = 5*p + 166, -4*p - 17 = -n + 19. What is the units digit of n?
4
Suppose 0 = 3*g - 3*p - 12, -3*g - p + 0 = -4. Suppose -3*d + 58 = 2*k, -2*d - g*k = 3*k - 35. What is the units digit of d?
0
What is the units digit of (-4)/((56/(-60))/7)?
0
Let z = -3 + 8. Let m = 7 - z. Suppose 5*c = 0, 4*a - 3 = a + m*c. What is the units digit of a?
1
Suppose -3*j - 4*t + 6*t = -56, -5*j = 3*t - 106. What is the units digit of j?
0
Let l(n) = -n**3 + n**2 - 2*n + 3. Let f be l(2). Let m = f - 1. What is the units digit of ((-10)/m)/((-1)/(-3))?
5
Let o(m) = 9*m. Let n be o(4). Suppose -4*y = -7*y + n. What is the tens digit of y?
1
Suppose -4*l + 313 = 5*z, -z = -4*z + 3*l + 204. What is the tens digit of z?
6
Let y(h) = h + 10. Let q be y(-5). Suppose q = -4*l + 25. What is the units digit of l?
5
Suppose -4*v = 4*z - 52, 0 = z + 3*v - 18 - 1. Suppose 0 = 3*a - 4*a + z. What is the units digit of a?
0
Suppose -26 = 2*a - 8. What is the units digit of ((-3)/(-2))/(a/(-24))?
4
Let h(r) = -r + 8. Let f be h(6). Suppose 38 = 6*a + f. What is the units digit of a?
6
Suppose -5*r + 0*r = 0. Suppose 4*m - 3 = 3*d - 18, -4*m = r. What is the units digit of d?
5
Let i(r) = r**2 + 5*r. Let d be i(-5). Let y = d - -3. Suppose -2*p - y*a = 2*p - 17, -9 = -3*a. What is the units digit of p?
2
Let f(k) = -6*k - 2. Let q be 12/9*(-9)/6. What is the units digit of f(q)?
0
Suppose 3*i - 9 = 2*f, 19 = 4*i - f + 7. Suppose 0 = -5*y - i - 7. What is the units digit of (-1 - y)*(-2 - -4)?
2
Suppose -h + 3*h = 40. What is the tens digit of h?
2
Let h(r) = -r**2. Let b(n) = -8*n**2 + 3*n. Let i(z) = -b(z) + 6*h(z). Let a = -6 + 8. What is the units digit of i(a)?
2
Suppose 5*y - 4*o - 19 = -2*o, -4*o = y + 5. Let x = y + 0. Suppose -3*p - x*l + 33 = -0, 34 = 3*p + 4*l. What is the tens digit of p?
1
Let x = -3 + 5. Suppose 10 - 33 = -x*p + 3*v, -2*p - 3*v = 7. What is the units digit of p?
4
Suppose 3*n = 8*n + 40. What is the units digit of (-12)/n*34/3?
7
Let b(a) = -9*a**3 + a. What is the units digit of b(-1)?
8
Let x(l) = l + 3. Let q be x(3). Suppose -q*k = -2*k - 24. What is the units digit of k?
6
Let f(i) = i**3 + 8*i**2 + i + 9. Let k be f(-8). What is the units digit of (27/(-6) - k)*-2?
1
Suppose -3*z + 755 = 5*m + z, -4*z - 127 = -m. Suppose -7*f + 4*f + m = 0. What is the tens digit of f?
4
Let o(a) = -4*a + 1. Let f be o(-3). Suppose -f = -h + 1. Let n = h + -10. What is the units digit of n?
4
Suppose -3*j - 3 = -15. Let v = j - -3. What is the units digit of v?
7
Let u(x) = x**2 + 4*x - 4. Let y be u(-4). Let l be 4*-1*y/8. Suppose 0 = l*o - 17 - 23. What is the units digit of o?
0
What is the units digit of (11 - 9)/((-1)/(-6))?
2
Let o be (-45)/(-10)*-1*2. Let f = 8 + o. What is the units digit of 75/9 + f/3?
8
Suppose 0 = -w - 0*w. Suppose -s = 5*u - w*s - 12, 2 = s. What is the units digit of 1/(-2)*-8 + u?
6
What is the tens digit of 267/3 + (-4 - 4/(-2))?
8
What is the tens digit of -17*1*(-16 + 12)?
6
Suppose -5*n = 15, 2*c + 2*n - 31 = 15. What is the units digit of c?
6
Suppose 112 = s - 77. Suppose -s + 4 = -5*d. What is the units digit of d?
7
Let i(a) = a**2 - 2*a + 5. What is the units digit of i(2)?
5
Let w(q) = -q**3 + 9*q**2 - 9*q + 10. Let r be w(8). Let a(v) = 20 - 7*v**r + 7*v**2 - v**3. What is the units digit of a(0)?
0
Suppose 0 = -j + 11 - 3. Suppose 0 = 4*x - j*x + 72. What is the tens digit of x?
1
Suppose 6*a - 21 = 9. Suppose -a*j = -26 - 174. What is the units digit of j?
0
Suppose z - b - 20 = 4*b, 0 = -5*z - 4*b - 45. Let h = 10 - -2. Let u = z + h. What is the units digit of u?
7
Let i = 5 + -9. Let l be ((-2)/i)/((-4)/(-24)). Suppose 0*c + c - l*k = -11, -3*c = -2*k + 5. What is the units digit of c?
1
What is the units digit of 1/2*(-20 + 144)?
2
Suppose 128 - 52 = -2*p. What is the tens digit of 1 + 2/((-4)/p)?
2
What is the hundreds digit of (3/(-2))/(12/(-1160))?
1
What is the tens digit of (26 + -48)*11/(-2)?
2
Let t = -2 - 0. Let l(v) = v**2 - 2. Let c be l(t). Suppose c*n + n - 6 = 0. What is the units digit of n?
2
Suppose 2*f - 5*n = 21, -2*f - n + 1 - 10 = 0. Let b = f + 12. Let v = b - 6. What is the units digit of v?
4
Suppose 2*b = -0*b + 4*h - 12, -4*h = 3*b - 22. What is the tens digit of 1/b + 105/6?
1
Suppose -89 + 33 = -4*p. What is the tens digit of p?
1
Suppose m - 7 = 5*s, -4*s + 91 = 3*m - 5*s. What is the units digit of m?
2
Let y(f) = -f**2 - 6*f + 11. Let b be y(-8). Let n = 1 - b. What is the units digit of n?
6
Let i(x) = -x**2 - 5*x + 4. Let p be i(-5). Let o(b) be the third derivative of -b**6/120 + b**5/10 - b**4/6 - 5*b**3/6 - b**2. What is the units digit of o(p)?
1
Suppose 4*n = 3*n + 4*q - 10, 3*q = -2*n - 9. What is the units digit of ((-76)/n)/((-2)/(-3))?
9
Let y be 1/(-3) + 44/(-12). Let i(s) = s**3 + 4*s**2 - 2*s + 3. What is the tens digit of i(y)?
1
Suppose 3 = -p + 7. Suppose 2*c - p*c + 24 = 0. What is the units digit of c?
2
Let n be -6*(3 + (-30)/9). Suppose 0 = n*p - 5 + 1. What is the units digit of 0 - (-6 - (4 - p))?
8
Let y = -12 + 20. Let n = -9 - -9. Suppose n = l + b - y, -2*l - 5*b = -12 - 10. What is the units digit of l?
6
Let p be (10/25)/(1/5). Suppose -1 = -3*h + p*h. What is the tens digit of 15 - -1 - h - 2?
1
Let b be -7 + 4 - 1*-8. Suppose w + 2*w = -b*r + 11, 0 = r - 1. Suppose w*x - 13 = x. What is the units digit of x?
3
Suppose 3*f - 14 = -4*u, -27 = -5*f - 3*u - 11. What is the units digit of f?
2
Suppose -x + 8 + 15 = 0. What is the tens digit of x?
2
Let d = -120 + 66. Let p be -1*d/3 - 2. Suppose -l - l = -p. What is the units digit of l?
8
Let x(g) = -3*g**2 - 7*g - 6. Let h(z) = 4*z**2 + 6*z + 7. Let o(w) = 2*h(w) + 3*x(w). Let n = 16 + -24. What is the units digit of o(n)?
4
Let s(a) = -a - 3. Let q be s(9). Let v = 0 - q. What is the tens digit of v?
1
Let c = 7 - 1. Let g be (-2)/4 + 15/c. Suppose -g*q = -5*f + 3 + 35, 13 = 2*f - 3*q. What is the units digit of f?
8
Let w be 2/((-1)/(9/(-6))). What is the units digit of w/(-6) + (-10)/(-4)?
2
Let i(g) = -10*g + 3*g**2 + 16 - 7 - 2*g**2. What is the units digit of i(10)?
9
Suppose -2*o + 133 = -91. What is the tens digit of o?
1
Let v = 4 - 13. Let g be (-196)/(-12) + 2/3. Let i = g + v. What is the units digit of i?
8
Suppose 3*v - 3*m - 624 = 0, 497 + 135 = 3*v - 5*m. What is the hundreds digit of v?
2
Suppose -3*j + 81 = -2*j + 2*p, 276 = 3*j - 5*p. What is the tens digit of j?
8
Let m(v) = 11*v**3 + 2*v**2 - 2*v + 1. Suppose 1 = 2*j - 1. What is the units digit of m(j)?
2
Let j(y) = 4*y**2 + 5*y - 23. What is the tens digit of j(6)?
5
Let x(f) = 3*f - 13. Let a be x(7). Suppose 2*s + s = 3. Let i = a - s. What is the units digit of i?
7
Suppose -g = u + 3*g - 15, 0 = 3*u + g - 23. Let x = 16 - u. What is the units digit of x?
9
Suppose -2*w + 0*w - 5*k = -19, 3*k - 9 = 0. Suppose -3*c + w*l = -0*c - 53, 0 = -5*c + 4*l + 85. What is the units digit of c?
1
Let w(b) = -5*b - 5. Let y be w(5). Let q = y + 64. Suppose 5*g = 5*i + 16 + q, 0 = -4*g + i + 37. What is the units digit of g?
9
Let h be 3/(-6) - 3/2. Let b(l) = l**3 + 2*l**2 - 2*l. Let n be b(h). Suppose 44 - n = 4*z. What is the tens digit of z?
1
Suppose 0 = 2*l + 10, -4*m + 2*m - l = -121. What is the tens digit of m?
6
Let a(h) = 2*h - 2. Let m be a(2). Suppose -3 = c + 2*c, 0 = -q + m*c + 26. What is the tens digit of q?
2
Let m be (6/(-9))/(2/(-15)). Suppose 3*k + 2*b - 7 = b, b = -m. Suppose 56 = -k*o + 8*o. What is